10 + -2. Let b(f) = -f**3 + 8*f**2 + f. Suppose 15 + 14 = o. Calculate the remainder when o is divided by b(u).
5
Let m = 2388 - 2079. Calculate the remainder when m is divided by 8.
5
Suppose -421 = 5*g + z, 4*z + 0 = 16. Let f = -19 - g. What is the remainder when f is divided by 14?
10
Let j be 32/(-48) + 88/6. Suppose b = 1 + j. Calculate the remainder when b is divided by 6.
3
Suppose -33*m + 16*m = -187. What is the remainder when 21 is divided by m?
10
Suppose 18 = z - 35. Calculate the remainder when z is divided by ((-1)/(-2))/((-4)/(-144)).
17
Let h(r) = 24*r - 841. What is the remainder when h(43) is divided by 15?
11
Let p(x) = x**3 + 3*x**2 - 12*x - 4. Let w be p(-5). Suppose 0 = w*s - 74 + 20. Calculate the remainder when 33 is divided by s.
6
Let o = -859 - -1224. What is the remainder when o is divided by 93?
86
Let z(l) = l**2 - 39*l + 27. Let v(y) = -19*y + 13. Let j(g) = 5*v(g) - 2*z(g). What is the remainder when 6 is divided by j(-9)?
0
Suppose -16*u + 26*u - 1030 = 0. Calculate the remainder when 217 is divided by u.
11
Suppose -6 = -14*j + 12*j. Suppose 2*i = -j*f + 36, -5*i - 2*f + 52 + 16 = 0. Calculate the remainder when i is divided by (-17)/(-2) + (-1)/2.
4
Let c(l) = -2*l - 1 + 3*l**3 + 4*l**2 - 13*l**3 + 24*l**3. Calculate the remainder when 87 is divided by c(1).
12
What is the remainder when 339 is divided by 64/(-224) - 1/(-7)*65?
6
Let y = -10 + 6. Let r be y + 2 + (-35)/(-7). Calculate the remainder when 15 is divided by -2*(r + 2 + -7).
3
Let q(m) = 22*m - 177. What is the remainder when q(15) is divided by 33?
21
Suppose 0 = -0*a + 5*a + 120. Let k be (1 - 0)/((-3)/a). Let d = k - -2. Calculate the remainder when 28 is divided by d.
8
Let f = -33 - -33. Suppose 80 = -f*i + 5*i. What is the remainder when 30 is divided by i?
14
Suppose 4*i - q = 2368, -29 + 2417 = 4*i + 4*q. Suppose 3*h + i = 3*s - 289, -2*s = -h - 585. Calculate the remainder when s is divided by 49.
46
Suppose d + 14 = -5*c, -3*c - 35 = -3*d - 5. Let x = 31 + -10. Calculate the remainder when x is divided by d.
3
Let j(v) = 3*v + 51. What is the remainder when j(-5) is divided by 22?
14
Suppose -5*a + 2*a = -9. Suppose 0 = -a*c - 140 + 725. Suppose 4*t - c = -t. Calculate the remainder when t is divided by 10.
9
Let q = -991 - -1193. What is the remainder when q is divided by 19?
12
Let c = 1431 + -1422. Let x(i) = i**3 - 2*i**2 - 2*i. Suppose 3*l - l - 8 = 0. Calculate the remainder when x(l) is divided by c.
6
Suppose -794 = -3*u - 4*c, 0 = u + c - 2*c - 260. Calculate the remainder when u is divided by 12.
10
Let t(q) = q**2 - 4. Let s be t(-3). Suppose 7 = 2*u - s. Suppose 5*i = u*i + 5*n - 38, 2*i - 2*n = 88. Calculate the remainder when i is divided by 15.
13
Let h(z) = 5*z + 96. Calculate the remainder when h(23) is divided by 43.
39
Let r(i) = i**2 + i - 4. Let c be r(-5). Suppose -15*g = -c*g + 38. Calculate the remainder when 73 is divided by g.
35
Suppose 4*p = -j + 901, 12*p - 8*p = 3*j + 881. Calculate the remainder when p is divided by 66.
26
Suppose 0 = -2*w + 323 + 23. Suppose -103 = -4*n + w. Calculate the remainder when n is divided by 18.
15
Suppose 5*b = 2*g - 3*g + 235, 462 = 2*g + 2*b. What is the remainder when g is divided by 13?
9
Let o(x) = x**3 + 6 - 5*x**2 + 6*x**2 + 1 - 6*x + 5*x**2. Suppose -5*y = 4*v + 1 + 37, 2*y = 4*v - 4. What is the remainder when o(y) is divided by 11?
10
Let t = -12 + 12. Suppose 0*c + c - 17 = 5*u, t = -5*c - u + 33. Calculate the remainder when 15 is divided by c.
1
Let z(u) = -u**2 - 11*u - 4. Let n be z(-11). Let s = 6 - n. Let q(d) = -d**2 + 11*d + 6. Calculate the remainder when 47 is divided by q(s).
15
Let t = -651 - -913. Suppose -120*v + 122*v = t. Calculate the remainder when v is divided by 33.
32
What is the remainder when 16/6*(-15)/10 + 72 is divided by 8?
4
Let z be (-7)/(-2) - 3/(-6). Let a = 37 + -33. Suppose 2*u = f + z*f + 90, 180 = a*u + 3*f. Calculate the remainder when u is divided by 17.
11
Suppose 800*j - 196 = 793*j. What is the remainder when 331 is divided by j?
23
Let f = 15 - 13. Let d(n) = 5*n**2 + 2*n - 19*n**3 + 18*n**3 - 2*n**f. What is the remainder when 14 is divided by d(3)?
2
Suppose 2*a - 4 = 3*a. Let r = a - -14. Let h = -167 + 173. Calculate the remainder when r is divided by h.
4
Let x = 185 + -113. Calculate the remainder when 357 is divided by x.
69
Suppose 6*s = -3*o + 8*s + 167, 0 = 4*o + s - 241. What is the remainder when 167 is divided by o?
49
Let z(f) = -2*f + 93. What is the remainder when 64 is divided by z(21)?
13
Suppose 0*h - 74 = -2*h. Calculate the remainder when 84 is divided by h.
10
Let j = 14 - -79. Suppose 3*g - 19 = -4*l, -4*l = 3*g + 2*g - 21. Suppose -l*k + 3*y = -53, -5*k + y - 13 = -j. What is the remainder when 66 is divided by k?
15
Let z = 39 - -20. Let f = -15 - -43. Suppose 133 = 7*x + f. Calculate the remainder when z is divided by x.
14
Let t = -715 - -903. What is the remainder when t is divided by 65?
58
Let w = -91 + 35. Let c = 89 + w. Calculate the remainder when c is divided by 9.
6
Let p(a) = 4*a**3 + 2*a**2 + 2*a - 3. Let i = -192 - -206. What is the remainder when p(2) is divided by i?
13
Suppose -21*y + 137 = -367. Calculate the remainder when 81 is divided by y.
9
Let g = 283 - 273. What is the remainder when 79 is divided by g?
9
Suppose 0 = -3*n - 3*j + 66, -7*n + 24 = -5*n - 2*j. What is the remainder when 439 is divided by n?
14
Let m(j) = j**2 + 45*j + 376. What is the remainder when m(-47) is divided by 43?
40
Let n(o) = -o**3 - 15*o**2 + 46. What is the remainder when n(-15) is divided by 7?
4
Let b(r) = 24*r**2 - 10*r + 2. Calculate the remainder when b(2) is divided by 51.
27
Let k(x) = 134*x**2. Let a(r) = r - 2. Let y be a(1). What is the remainder when k(y) is divided by 46?
42
Suppose -f + 2*i = 4*f - 188, 5*i = 3*f - 128. Let t(a) = -2*a**3 - 21*a**2 + 3*a - 17. What is the remainder when t(-11) is divided by f?
35
Suppose -4*b - 4*g - 3484 = -6*b, 2*g - 7008 = -4*b. Calculate the remainder when b is divided by 24.
22
Let z = 2556 - 2505. What is the remainder when 252 is divided by z?
48
Let m = 96 + -84. Suppose -m*f + 57 = -9*f. What is the remainder when f is divided by 6?
1
Let g(s) = -s**3 - 11*s**2 - 11*s - 7. Let m be g(-10). Suppose 5*w = -m*r + 62, -4*r + 78 = 3*w - w. What is the remainder when 35 is divided by r?
16
Let f(z) = -z**2 + 25*z - 44. What is the remainder when f(18) is divided by 20?
2
Let m = 153 - 100. Calculate the remainder when m is divided by 17.
2
Let u = -100 - -119. Suppose 3*a - 5*j - 157 = 0, -4*j + 166 = 4*a - a. Calculate the remainder when a is divided by u.
16
Suppose -3*u + 9 + 102 = 0. Suppose -8 = 2*z - w - 28, 5*z + 4*w - u = 0. Calculate the remainder when 53 is divided by z.
8
Suppose 0 = 3*y - 5*y + 10. Let j = -48 - -57. Suppose -h - 5*t = -2*h + 31, h + y*t = -j. Calculate the remainder when 41 is divided by h.
8
Let y = -8 - -11. Suppose 132 = -y*q + 321. Let l(v) = -v**2 + 14*v - 11. What is the remainder when q is divided by l(11)?
19
Let g = -191 - -231. Let j(a) = -a - 7. Let i be j(-6). What is the remainder when g is divided by (i - -17)/1 - 2?
12
Suppose -6*d + 56 = d. Suppose -d*q + 100 = -6*q. What is the remainder when q is divided by (3 - 1)/(4/26)?
11
Calculate the remainder when (21 + -24)*(-81 + 2) is divided by 30.
27
Let t be (-18)/(-153) + 4/(-34). Calculate the remainder when 355/(-10)*(-2 + t) is divided by 4*(0 + 12/2).
23
Suppose 0 = -w + 37 - 3. Suppose 7*z = 4*z + 3*h + 102, -z + 4*h = -w. Calculate the remainder when 101 is divided by z.
33
Let h(m) = -m - 2. Let l = 13 - 13. Calculate the remainder when (-9)/((-12)/8 - l) is divided by h(-4).
0
Let v = -1077 - -1405. What is the remainder when v is divided by 83?
79
Suppose 0 = -0*i + 4*i + 272. Calculate the remainder when 15*(-3)/(-9) - i is divided by 19.
16
Suppose -70*o - 150 = -71*o. Calculate the remainder when o is divided by 8.
6
Suppose 61*m = 70*m - 342. Calculate the remainder when m is divided by -1*((-6)/(-3) + -22).
18
Suppose 5*w = 2*v + 742 + 11181, 4*v - 11929 = -5*w. What is the remainder when w is divided by 77?
75
Suppose 14*v - 11*v = 72. What is the remainder when 92 is divided by v?
20
Let g = -13 - -26. Let b be (-61)/9 - 4*(-4)/(-72). 